*y = f. What is the remainder when (7/((-35)/(-710)))/2 is divided by y?
11
Let i = 7614 + -3059. Calculate the remainder when i is divided by 43.
40
Calculate the remainder when ((20/15)/(-4))/(3/(173*-45)) is divided by 46.
37
Let l(p) = -p + 1. Let b(i) = 5*i + 29. Let o(a) = b(a) - 4*l(a). Calculate the remainder when 63 is divided by o(1).
29
Let d = 4653 + -4470. Calculate the remainder when 16835 is divided by d.
182
Let f = 2166 - 2118. Calculate the remainder when 329 is divided by f.
41
Let t = 211 + -211. Suppose t = -4*h + 25*j - 22*j + 105, 5*h - 135 = 5*j. Calculate the remainder when 718 is divided by h.
22
Suppose x + 2*w - 24 = -2*w, -3*w = x - 21. Suppose -l + 5 = 0, 3*l - 181 = -2*q + 4*l. Calculate the remainder when q is divided by 14 - 1 - x/(-8)*2.
13
Let u(o) = o**3 - 2*o**2 - 5*o + 10. Let a be u(3). Suppose 0 = 2*h + 8, -3*d + 463 = -a*h - 219. What is the remainder when d is divided by 8?
6
Let y = 91 - 87. Calculate the remainder when 28 is divided by y - 6/(-33) - (-2)/(-11).
0
Let n(o) = -o + 20. Suppose -79 = -15*r - 334. Let s = r - -44. What is the remainder when s is divided by n(5)?
12
Suppose 3*h = 2*m - 78, 202 = 5*m - 0*h - 4*h. Calculate the remainder when 288 is divided by m.
36
Let h(a) = 39*a + 8. Let i(z) = 77*z + 18. Let g(u) = -7*h(u) + 3*i(u). Calculate the remainder when g(-2) is divided by 17.
14
Let q = -57 - -115. Suppose 55*l = 38*l - 7378. Let s = 455 + l. What is the remainder when q is divided by s?
16
Let v(y) = -y - 3. Let i be v(-6). Let u(a) = 10*a**2 - 81*a + 15. Let s be u(8). Suppose -s*n + i*n + 20 = 0. Calculate the remainder when 12 is divided by n.
2
Suppose -16786 = -3993*i + 3916*i. Calculate the remainder when i is divided by 102.
14
Suppose 0 = 4*s + 2*u + 2932, 4*s - 4*u + u + 2912 = 0. Let v = -1154 - s. Calculate the remainder when 42 is divided by (-2)/(-13) - v/39.
9
Let l(j) be the first derivative of j**4/4 + 4*j**3 + 5*j**2 - 4*j - 559. Let i = 5 - 16. What is the remainder when 27 is divided by l(i)?
6
Let z(d) = d - 6. Let b be z(1). Let i(s) = s**2 + 9*s + 42. Calculate the remainder when 152 is divided by i(b).
20
Let c(y) = y**3 + 3*y**2 - y - 12. Suppose -3*t - t + 364 = 0. Let p = t - 86. What is the remainder when c(p) is divided by 47?
42
Let w(g) = -5*g - 3. Calculate the remainder when 403/9 - 516/(-2322) is divided by w(-3).
9
Suppose -25 + 20 = -g. Suppose 365 = 5*k - 5*v, -3*k - 79 = -4*k - g*v. What is the remainder when k is divided by 24?
2
Suppose -1485 = -162*k + 10989. What is the remainder when 374 is divided by k?
66
Suppose -2*z + 4 = 0, z = 548*u - 543*u - 538. What is the remainder when 3013 is divided by u?
97
Let k be (0 + 230)*(-42)/35. Let b = -172 - k. What is the remainder when b is divided by (105/56)/(-6 + 98/16)?
14
Let o = -3107 + 3127. What is the remainder when 115 is divided by o?
15
Let j = -2355 - -4199. Calculate the remainder when j is divided by 15.
14
Let f(x) = 2*x**3 - 12*x**2 - 95*x + 158. Calculate the remainder when f(13) is divided by 268.
217
Suppose -74612 = 2*h - 76388. Calculate the remainder when h is divided by 56.
48
Suppose -56*u - 1053 + 2751 = -3734. Calculate the remainder when 97 is divided by u.
0
Suppose 9*z - 47*z + 88198 = 0. What is the remainder when z is divided by 4?
1
Let v(t) = 4*t**2 + 13*t + 8. Let d be 6*(6 + (-88)/12). Suppose 164 = 6*r - 2*r. Calculate the remainder when v(d) is divided by r.
37
Let f(w) = -2*w + 170. Calculate the remainder when 56 is divided by f(68).
22
Let u(m) = -2*m**3 + 9*m**2 - 25*m + 176. What is the remainder when 2338 is divided by u(5)?
24
Let x be -5 + (-194)/(-38) - (-498)/(-38). Let n = x + 22. What is the remainder when 42 is divided by n?
6
Let x(w) = -w**2 - 7*w + 14. Let v be x(-8). Let z = v + 1. Let d = -8 - -12. What is the remainder when z is divided by d?
3
Let r(u) = 11*u**2 - 9*u. Let y be r(1). Let f(z) = -z**3 - 7*z**2 - z - 9. Let h be f(-7). What is the remainder when 36 is divided by 5 + y/(h/(-5))?
6
Suppose 0 = -4*b - 4, 3*j = -b + 122 - 36. Let n = 6145 - 6038. Calculate the remainder when n is divided by j.
20
Let d = -190 - -319. What is the remainder when d is divided by (-3)/10 + 583/110?
4
Suppose 23 = m - b, 2*m + 3*b = 6*b + 48. Suppose 0 = 2*z + 5*n - 52, z = -4*n + 23 - 0. Suppose -z = -4*d - 3. Calculate the remainder when m is divided by d.
0
Let j(d) = d**2 - 14*d - 35. What is the remainder when (-15)/20*2*-158 is divided by j(-5)?
57
Suppose 0 = -0*q + 2*q + h - 3791, 5692 = 3*q - 4*h. Suppose -15*j = -17*j + q. What is the remainder when j is divided by 38?
36
Let x = -7498 + 7712. What is the remainder when 865 is divided by x?
9
Suppose 28 = 148*v - 146*v. Calculate the remainder when 568 is divided by v.
8
What is the remainder when 115/(7 + 270/(-40)) is divided by 154?
152
Let c(n) = 4990*n + 22. Calculate the remainder when c(1) is divided by 46.
44
Let o be (-84)/882 + 44/21. Suppose -5*a + m - 4 = -2*m, 4*a - 3*m = -5. What is the remainder when 31 is divided by (-1 + -1)/o*a + 10?
4
Let q = -2082 - -2126. Calculate the remainder when 204 is divided by q.
28
Let a = 15 - 11. Let w(n) = 4*n + 67. Let v be w(-16). Suppose v*f - 27 = -9*y + 7*y, -4*f - y + 31 = 0. What is the remainder when f is divided by a?
3
Let p be (-208)/(-14) - 3/(-21). Let s = p + -9. Suppose 5*v = -s*l + 3*l + 78, 4*v - 2*l - 58 = 0. What is the remainder when 59 is divided by v?
14
Let w = 28241 - 27719. What is the remainder when 1118 is divided by w?
74
Suppose 104*p - 89*p = 2523 + 237. What is the remainder when p is divided by 71?
42
Suppose -10*b + 20 = -0*b. Suppose 2*z + 1005 = 5*z + b*w, w = -5*z + 1668. Suppose -2*x + z = x. Calculate the remainder when x is divided by 19.
16
Let l be 1*2 - (-8 + -32). Let u be -4*(156/l - 6/(-21)). Calculate the remainder when (-1155)/(-20) - 4/u is divided by 31.
27
Let d(p) = -1 + 4 + 7*p + 7. Let f be d(-2). Let a = 62 + f. What is the remainder when a is divided by 6?
4
Let b(i) = 3*i + 105 + 2*i**3 - 2*i - 98 - 5*i**2. Calculate the remainder when b(6) is divided by 90.
85
Suppose 616*x - 998 + 3168 = 630*x. What is the remainder when x is divided by 53?
49
Suppose 121 = 2*u + 44*u - 431. What is the remainder when 298 is divided by u?
10
Let a(g) = g**3 - 17*g**2 - 38*g + 2. Let j be (-10)/(-2)*(-6)/(-10). Suppose -w = -j*w + 8. What is the remainder when w is divided by a(19)?
0
Suppose 0 = -4*s - 3*f + 1, 2*s + 2*f + 7 = -f. Suppose 513 = s*w - w. Suppose 0 = -0*r - 9*r + w. Calculate the remainder when r is divided by 10.
9
Suppose 0 = 70*w - 87*w + 11577. Calculate the remainder when w is divided by ((-93)/12)/((-11)/44).
30
Let p = 364 - 392. Calculate the remainder when (p + 29)/((-2)/(-68)) is divided by 18.
16
Suppose -12 = -2*f, 37*x - 39*x + 2098 = -4*f. What is the remainder when x is divided by 97?
91
What is the remainder when ((-15)/(-14) + 0 - (-220)/(-385))*5498 is divided by 183?
4
Suppose -12*x - 308 = -2*o - 14*x, -328 = -2*o + 3*x. Suppose 13*g = 1120 - o. What is the remainder when 148 is divided by g?
0
Let t = -15063 + 15154. What is the remainder when 983 is divided by t?
73
Suppose -215*s + 295374 = -1184560 + 147149. What is the remainder when s is divided by 31?
30
Let q = 161 - -17. Let p = 191 - q. Calculate the remainder when 400 is divided by p.
10
Let w(c) = -c. Let g be w(-7). Let m = 4 + g. Calculate the remainder when (-25)/10*(712/(-40) + 1) is divided by m.
9
Suppose -3*j - 46 = 140. Let s be (((-1)/(-3))/((-2)/33))/(1962/19620). Let t = s - j. What is the remainder when 34 is divided by t?
6
Let u(j) = j**2 - 20*j - 25. Let p be u(21). Let s be p/18 + (-8)/(-36) + 4. Suppose -6*b = -s*b - 24. What is the remainder when 21 is divided by b?
9
Let v = 326 + -313. What is the remainder when 777 is divided by v?
10
Let c be 4/(-3)*(-9 + 42/7). Suppose 0 = c*a + 5*g - 55 - 41, -5*a = -4*g - 161. Calculate the remainder when 143 is divided by a.
27
Let w = -24936 - -26517. Calculate the remainder when w is divided by 68.
17
Let b(r) = 9*r - 3. Suppose -5 = 5*u + 5, 4*u = 2*d - 16. Suppose -8*i = -3*o - 7*i + 143, 4*o - 180 = -d*i. What is the remainder when o is divided by b(3)?
23
Let r = 35403 + -31464. What is the remainder when 3944 is divided by r?
5
Suppo